{"id":64,"date":"2020-03-05T08:08:45","date_gmt":"2020-03-05T08:08:45","guid":{"rendered":"https:\/\/www.safetyplus-online.de\/?page_id=64"},"modified":"2020-03-05T08:08:46","modified_gmt":"2020-03-05T08:08:46","slug":"impressum","status":"publish","type":"page","link":"https:\/\/www.safetyplus-online.de\/?page_id=64","title":{"rendered":"Impressum"},"content":{"rendered":"\n<h3 class=\"wp-block-heading\">Angaben gem\u00e4\u00df \u00a7 5 TMG:<\/h3>\n\n\n\n<p>\n\t\t\t<strong>Westrup International e. K.<\/strong><br>\n\t\t\tOrffstra\u00dfe 22<br>\n\t\t\tD &#8211; 48346 Ostbevern<br>\n\t\t\t<strong>Fon:<\/strong> + 49 &#8211; (0) 25 32 &#8211; 96 48 50<br>\n\t\t\t<strong>Fax:<\/strong> + 49 &#8211; (0) 25 32 &#8211; 96 48 53<br>\n\t\t\t<strong>E-Mail:<\/strong> info[at]westrup-international.de\n\t\t<\/p>\n\n\n\n<p>\n\t\t\tVertretungsberechtigter Gesch\u00e4ftsf\u00fchrer: Elmar Westrup<br>\n\t\t\tRegistergericht: Amtsgericht M\u00fcnster<br>\n\t\t\tRegisternummer: HRA 6660<br>\n\t\t\tUmsatzsteuer-Identifikationsnummer: DE 225394497 gem\u00e4\u00df \u00a7 27 a Umsatzsteuergesetz\n\t\t<\/p>\n\n\n\n<h3 class=\"wp-block-heading\">Verantwortlich f\u00fcr den Inhalt nach \u00a7 55 Abs. 2 RStV:<\/h3>\n\n\n\n<p>\n\t\t\tElmar Westrup\n\t\t<\/p>\n\n\n\n<h3 class=\"wp-block-heading\">Urheberrecht<\/h3>\n\n\n\n<p>\n\t\t\tDie durch den Betreiber dieser Webseite erstellten Inhalte und Werke \nauf den Seiten der Webseite unterliegen dem deutschen Urheberrecht. Die \nVervielf\u00e4ltigung, Bearbeitung, Verbreitung und jede Art der Verwertung \nau\u00dferhalb der durch das Urheberrecht explizit erlaubten Verwendungen \nerfordern die schriftliche Zustimmung des Zust\u00e4ndigen. Soweit diese \nWebseite Inhalte enth\u00e4lt, die nicht vom Betreiber der Webseite erstellt \nwurden, wird den Urheberrechten Dritter Rechnung getragen und Inhalte \nDritter sind entsprechend gekennzeichnet. Sollten Sie auf eine \nUrheberrechtsverletzung aufmerksam werden, bitten wir um einen Hinweis. \nBei Bekanntwerden von Rechtsverletzungen werden wir die entsprechenden \nInhalte umgehend entfernen.\n\t\t<br><\/p>\n\n\n\n<h3 class=\"wp-block-heading\">Widerspruch Werbe-Mails<\/h3>\n\n\n\n<p>\n\t\t\tDer Nutzung von Kontaktdaten (die im Rahmen der Impressumspflicht \nver\u00f6ffentlicht wurden) zur \u00dcbersendung von nicht ausdr\u00fccklich \nangeforderter Werbung und Informationen wird hiermit widersprochen. Der \nSeitenbetreiber beh\u00e4lt sich rechtliche Schritte bei unverlangter \nZusendung von Werbeinformationen, insbesondere bei Spam-E-Mails, vor.\n\t\t<\/p>\n","protected":false},"excerpt":{"rendered":"<p>Angaben gem\u00e4\u00df \u00a7 5 TMG: Westrup International e. K. Orffstra\u00dfe 22 D &#8211; 48346 Ostbevern Fon: + 49 &#8211; (0) 25 32 &#8211; 96 48 50 Fax: + 49 &#8211; (0) 25 32 &#8211; 96 48 53 E-Mail: info[at]westrup-international.de Vertretungsberechtigter Gesch\u00e4ftsf\u00fchrer: Elmar Westrup Registergericht: Amtsgericht M\u00fcnster Registernummer: HRA 6660 Umsatzsteuer-Identifikationsnummer: DE 225394497 gem\u00e4\u00df \u00a7 27 &hellip; <\/p>\n<p class=\"link-more\"><a href=\"https:\/\/www.safetyplus-online.de\/?page_id=64\" class=\"more-link\"><span class=\"screen-reader-text\">\u201eImpressum\u201c <\/span>weiterlesen<\/a><\/p>\n","protected":false},"author":1,"featured_media":0,"parent":0,"menu_order":0,"comment_status":"closed","ping_status":"closed","template":"","meta":{"footnotes":""},"class_list":["post-64","page","type-page","status-publish","hentry"],"yoast_head":"<!-- This site is optimized with the Yoast SEO plugin v27.5 - https:\/\/yoast.com\/product\/yoast-seo-wordpress\/ -->\n<title>Impressum - SAFETY PLUS!<\/title>\n<meta name=\"robots\" content=\"index, follow, max-snippet:-1, max-image-preview:large, max-video-preview:-1\" \/>\n<link rel=\"canonical\" href=\"https:\/\/www.safetyplus-online.de\/?page_id=64\" \/>\n<meta property=\"og:locale\" content=\"de_DE\" \/>\n<meta property=\"og:type\" content=\"article\" \/>\n<meta property=\"og:title\" content=\"Impressum - SAFETY PLUS!\" \/>\n<meta property=\"og:description\" content=\"Angaben gem\u00e4\u00df \u00a7 5 TMG: Westrup International e. K. Orffstra\u00dfe 22 D &#8211; 48346 Ostbevern Fon: + 49 &#8211; (0) 25 32 &#8211; 96 48 50 Fax: + 49 &#8211; (0) 25 32 &#8211; 96 48 53 E-Mail: info[at]westrup-international.de Vertretungsberechtigter Gesch\u00e4ftsf\u00fchrer: Elmar Westrup Registergericht: Amtsgericht M\u00fcnster Registernummer: HRA 6660 Umsatzsteuer-Identifikationsnummer: DE 225394497 gem\u00e4\u00df \u00a7 27 &hellip; \u201eImpressum\u201c weiterlesen\" \/>\n<meta property=\"og:url\" content=\"https:\/\/www.safetyplus-online.de\/?page_id=64\" \/>\n<meta property=\"og:site_name\" content=\"SAFETY PLUS!\" \/>\n<meta property=\"article:modified_time\" content=\"2020-03-05T08:08:46+00:00\" \/>\n<meta name=\"twitter:card\" content=\"summary_large_image\" \/>\n<meta name=\"twitter:label1\" content=\"Gesch\u00e4tzte Lesezeit\" \/>\n\t<meta name=\"twitter:data1\" content=\"1\u00a0Minute\" \/>\n<script type=\"application\/ld+json\" class=\"yoast-schema-graph\">{\"@context\":\"https:\\\/\\\/schema.org\",\"@graph\":[{\"@type\":\"WebPage\",\"@id\":\"https:\\\/\\\/www.safetyplus-online.de\\\/?page_id=64\",\"url\":\"https:\\\/\\\/www.safetyplus-online.de\\\/?page_id=64\",\"name\":\"Impressum - SAFETY PLUS!\",\"isPartOf\":{\"@id\":\"https:\\\/\\\/www.safetyplus-online.de\\\/#website\"},\"datePublished\":\"2020-03-05T08:08:45+00:00\",\"dateModified\":\"2020-03-05T08:08:46+00:00\",\"breadcrumb\":{\"@id\":\"https:\\\/\\\/www.safetyplus-online.de\\\/?page_id=64#breadcrumb\"},\"inLanguage\":\"de\",\"potentialAction\":[{\"@type\":\"ReadAction\",\"target\":[\"https:\\\/\\\/www.safetyplus-online.de\\\/?page_id=64\"]}]},{\"@type\":\"BreadcrumbList\",\"@id\":\"https:\\\/\\\/www.safetyplus-online.de\\\/?page_id=64#breadcrumb\",\"itemListElement\":[{\"@type\":\"ListItem\",\"position\":1,\"name\":\"Home\",\"item\":\"https:\\\/\\\/www.safetyplus-online.de\\\/\"},{\"@type\":\"ListItem\",\"position\":2,\"name\":\"Impressum\"}]},{\"@type\":\"WebSite\",\"@id\":\"https:\\\/\\\/www.safetyplus-online.de\\\/#website\",\"url\":\"https:\\\/\\\/www.safetyplus-online.de\\\/\",\"name\":\"SAFETY PLUS!\",\"description\":\"by Westrup International\",\"publisher\":{\"@id\":\"https:\\\/\\\/www.safetyplus-online.de\\\/#organization\"},\"potentialAction\":[{\"@type\":\"SearchAction\",\"target\":{\"@type\":\"EntryPoint\",\"urlTemplate\":\"https:\\\/\\\/www.safetyplus-online.de\\\/?s={search_term_string}\"},\"query-input\":{\"@type\":\"PropertyValueSpecification\",\"valueRequired\":true,\"valueName\":\"search_term_string\"}}],\"inLanguage\":\"de\"},{\"@type\":\"Organization\",\"@id\":\"https:\\\/\\\/www.safetyplus-online.de\\\/#organization\",\"name\":\"SAFETY PLUS!\",\"url\":\"https:\\\/\\\/www.safetyplus-online.de\\\/\",\"logo\":{\"@type\":\"ImageObject\",\"inLanguage\":\"de\",\"@id\":\"https:\\\/\\\/www.safetyplus-online.de\\\/#\\\/schema\\\/logo\\\/image\\\/\",\"url\":\"https:\\\/\\\/www.safetyplus-online.de\\\/wp-content\\\/uploads\\\/2020\\\/03\\\/cropped-Westrup-International-1.jpg\",\"contentUrl\":\"https:\\\/\\\/www.safetyplus-online.de\\\/wp-content\\\/uploads\\\/2020\\\/03\\\/cropped-Westrup-International-1.jpg\",\"width\":326,\"height\":250,\"caption\":\"SAFETY PLUS!\"},\"image\":{\"@id\":\"https:\\\/\\\/www.safetyplus-online.de\\\/#\\\/schema\\\/logo\\\/image\\\/\"}}]}<\/script>\n<!-- \/ Yoast SEO plugin. -->","yoast_head_json":{"title":"Impressum - SAFETY PLUS!","robots":{"index":"index","follow":"follow","max-snippet":"max-snippet:-1","max-image-preview":"max-image-preview:large","max-video-preview":"max-video-preview:-1"},"canonical":"https:\/\/www.safetyplus-online.de\/?page_id=64","og_locale":"de_DE","og_type":"article","og_title":"Impressum - SAFETY PLUS!","og_description":"Angaben gem\u00e4\u00df \u00a7 5 TMG: Westrup International e. K. Orffstra\u00dfe 22 D &#8211; 48346 Ostbevern Fon: + 49 &#8211; (0) 25 32 &#8211; 96 48 50 Fax: + 49 &#8211; (0) 25 32 &#8211; 96 48 53 E-Mail: info[at]westrup-international.de Vertretungsberechtigter Gesch\u00e4ftsf\u00fchrer: Elmar Westrup Registergericht: Amtsgericht M\u00fcnster Registernummer: HRA 6660 Umsatzsteuer-Identifikationsnummer: DE 225394497 gem\u00e4\u00df \u00a7 27 &hellip; \u201eImpressum\u201c weiterlesen","og_url":"https:\/\/www.safetyplus-online.de\/?page_id=64","og_site_name":"SAFETY PLUS!","article_modified_time":"2020-03-05T08:08:46+00:00","twitter_card":"summary_large_image","twitter_misc":{"Gesch\u00e4tzte Lesezeit":"1\u00a0Minute"},"schema":{"@context":"https:\/\/schema.org","@graph":[{"@type":"WebPage","@id":"https:\/\/www.safetyplus-online.de\/?page_id=64","url":"https:\/\/www.safetyplus-online.de\/?page_id=64","name":"Impressum - SAFETY PLUS!","isPartOf":{"@id":"https:\/\/www.safetyplus-online.de\/#website"},"datePublished":"2020-03-05T08:08:45+00:00","dateModified":"2020-03-05T08:08:46+00:00","breadcrumb":{"@id":"https:\/\/www.safetyplus-online.de\/?page_id=64#breadcrumb"},"inLanguage":"de","potentialAction":[{"@type":"ReadAction","target":["https:\/\/www.safetyplus-online.de\/?page_id=64"]}]},{"@type":"BreadcrumbList","@id":"https:\/\/www.safetyplus-online.de\/?page_id=64#breadcrumb","itemListElement":[{"@type":"ListItem","position":1,"name":"Home","item":"https:\/\/www.safetyplus-online.de\/"},{"@type":"ListItem","position":2,"name":"Impressum"}]},{"@type":"WebSite","@id":"https:\/\/www.safetyplus-online.de\/#website","url":"https:\/\/www.safetyplus-online.de\/","name":"SAFETY PLUS!","description":"by Westrup International","publisher":{"@id":"https:\/\/www.safetyplus-online.de\/#organization"},"potentialAction":[{"@type":"SearchAction","target":{"@type":"EntryPoint","urlTemplate":"https:\/\/www.safetyplus-online.de\/?s={search_term_string}"},"query-input":{"@type":"PropertyValueSpecification","valueRequired":true,"valueName":"search_term_string"}}],"inLanguage":"de"},{"@type":"Organization","@id":"https:\/\/www.safetyplus-online.de\/#organization","name":"SAFETY PLUS!","url":"https:\/\/www.safetyplus-online.de\/","logo":{"@type":"ImageObject","inLanguage":"de","@id":"https:\/\/www.safetyplus-online.de\/#\/schema\/logo\/image\/","url":"https:\/\/www.safetyplus-online.de\/wp-content\/uploads\/2020\/03\/cropped-Westrup-International-1.jpg","contentUrl":"https:\/\/www.safetyplus-online.de\/wp-content\/uploads\/2020\/03\/cropped-Westrup-International-1.jpg","width":326,"height":250,"caption":"SAFETY PLUS!"},"image":{"@id":"https:\/\/www.safetyplus-online.de\/#\/schema\/logo\/image\/"}}]}},"_links":{"self":[{"href":"https:\/\/www.safetyplus-online.de\/index.php?rest_route=\/wp\/v2\/pages\/64","targetHints":{"allow":["GET"]}}],"collection":[{"href":"https:\/\/www.safetyplus-online.de\/index.php?rest_route=\/wp\/v2\/pages"}],"about":[{"href":"https:\/\/www.safetyplus-online.de\/index.php?rest_route=\/wp\/v2\/types\/page"}],"author":[{"embeddable":true,"href":"https:\/\/www.safetyplus-online.de\/index.php?rest_route=\/wp\/v2\/users\/1"}],"replies":[{"embeddable":true,"href":"https:\/\/www.safetyplus-online.de\/index.php?rest_route=%2Fwp%2Fv2%2Fcomments&post=64"}],"version-history":[{"count":1,"href":"https:\/\/www.safetyplus-online.de\/index.php?rest_route=\/wp\/v2\/pages\/64\/revisions"}],"predecessor-version":[{"id":65,"href":"https:\/\/www.safetyplus-online.de\/index.php?rest_route=\/wp\/v2\/pages\/64\/revisions\/65"}],"wp:attachment":[{"href":"https:\/\/www.safetyplus-online.de\/index.php?rest_route=%2Fwp%2Fv2%2Fmedia&parent=64"}],"curies":[{"name":"wp","href":"https:\/\/api.w.org\/{rel}","templated":true}]}}